5).
21
Let r(c) = 34278*c - 68551. Determine r(2).
5
Let p(m) = 3*m**2 - 19295*m + 38585. Calculate p(2).
7
Let l(p) = -116035*p - 580170. Calculate l(-5).
5
Let n(d) = 3*d**3 + 17*d**2 + 4*d + 96. Give n(0).
96
Let f(r) = 295*r - 13145. What is f(45)?
130
Let t(l) = 33905*l + 169508. Give t(-5).
-17
Let m(x) = 1666*x**3 + 212*x**2 + 215*x + 4. Give m(-1).
-1665
Let w(y) = y**3 + 11*y**2 + 3067*y + 27722. Determine w(-9).
281
Let z(u) = -36*u**2 + 7547*u - 12251. Give z(208).
21
Let h(q) = -9*q**2 + 6326*q + 25311. What is h(-4)?
-137
Let m(q) = 98*q - 116. What is m(10)?
864
Let t(m) = -m**3 + 257*m**2 - 5189*m + 4483. Calculate t(235).
18
Let r(m) = -31*m**2 - 5580*m - 376. Give r(-180).
-376
Let i(a) = -2967*a + 318057. Determine i(107).
588
Let j(p) = 189*p**2 + 2635*p - 27. What is j(-14)?
127
Let p(u) = 192*u**2 - 92912*u - 7807. Give p(484).
-63
Let n(o) = 36115*o - 36111. Give n(1).
4
Let u(v) = -5*v**3 + 8*v**2 + 56*v - 230. What is u(5)?
-375
Let b(y) = -303719*y - 1518602. Calculate b(-5).
-7
Let y(f) = 3*f**2 + 610*f + 3699. What is y(-6)?
147
Let m(p) = -5685*p - 17293. Give m(-3).
-238
Let d(z) = 211056*z + 1688452. Determine d(-8).
4
Let a(y) = 3*y**3 - 777*y**2 + 2297*y + 966. What is a(256)?
-826
Let w(z) = -160842*z - 643370. Give w(-4).
-2
Let d(m) = -93419*m - 9435339. What is d(-101)?
-20
Let c(h) = h**2 - 38*h - 2966. Determine c(75).
-191
Let n(t) = -t**3 + 30*t**2 + 78*t + 176. Determine n(32).
624
Let u(h) = -465*h + 22459. Give u(50).
-791
Let g(f) = -690*f**3 + 80*f**2 + 343*f - 423. What is g(1)?
-690
Let i(r) = -4*r**3 + 147*r**2 + 353*r - 93. What is i(39)?
-15
Let i(c) = 782*c**2 - 7825*c - 39. Calculate i(10).
-89
Let m(q) = 9*q**3 + 193*q**2 + 1054*q - 16. Calculate m(-10).
-256
Let j(h) = -3*h**3 - 45*h**2 - 48*h - 420. What is j(-15)?
300
Let r(g) = 3*g**2 + 500*g + 18590. Give r(-56).
-2
Let j(w) = 374*w - 1635. Determine j(7).
983
Let a(c) = 5*c**2 - 387*c + 2030. Determine a(71).
-242
Let i(v) = v**3 + 13*v**2 + 68*v + 163. Determine i(-6).
7
Let o(b) = -4634*b + 28213. Determine o(6).
409
Let c(h) = -608*h + 4887. Determine c(8).
23
Let d(g) = 68*g + 753. Calculate d(-13).
-131
Let b(s) = s**3 + 24*s**2 + 137*s - 43. Give b(-11).
23
Let d(h) = -956*h + 366. Determine d(0).
366
Let g(j) = 622*j - 1183. Give g(3).
683
Let u(l) = 4*l**3 - 1565*l**2 - 10732*l - 5576. Calculate u(398).
-4
Let v(g) = -39427*g + 118263. Calculate v(3).
-18
Let x(l) = -l**3 + 57*l**2 - 749*l - 146. What is x(21)?
1
Let l(k) = k**3 + 77*k**2 - 2890*k - 92168. What is l(-97)?
-18
Let b(n) = -2*n**3 + 213*n**2 - 724*n + 361. Give b(103).
52
Let g(v) = 299*v - 955. Give g(8).
1437
Let r(b) = 1757*b**2 - 3369*b - 293. Determine r(2).
-3
Let j(n) = 11*n**2 - 1096*n + 25930. Determine j(61).
5
Let b(j) = 9*j**2 + 1727*j - 1739. What is b(1)?
-3
Let g(m) = m**2 - 1006*m - 18500. Calculate g(-18).
-68
Let v(i) = 18162*i - 2978570. Calculate v(164).
-2
Let m(x) = -78952*x + 473637. Determine m(6).
-75
Let d(n) = n**3 + 292*n**2 + 11711*n - 356. Calculate d(-244).
-112
Let l(t) = -117*t + 23347. What is l(202)?
-287
Let v(u) = 16738*u + 184124. Give v(-11).
6
Let w(v) = -2*v**2 - 6011*v - 178484. Determine w(-30).
46
Let f(r) = -43327*r - 216637. Give f(-5).
-2
Let s(z) = -7*z**2 - 1297*z - 9036. Calculate s(-7).
-300
Let k(x) = 29*x**2 - 25384*x - 50784. What is k(-2)?
100
Let d(a) = -2331*a - 137522. Give d(-59).
7
Let c(b) = 2*b**3 - 97*b**2 - 48*b - 73. Calculate c(49).
-24
Let j(u) = -3*u**3 - 26*u**2 - 193*u - 525. Determine j(-4).
23
Let w(v) = 187*v**2 + 4157*v + 879. Determine w(-22).
-67
Let q(l) = 1270*l**2 - 9207*l + 35. Give q(7).
-2184
Let w(z) = -z**3 - 66*z**2 - 517*z - 39130. Calculate w(-67).
-2
Let k(c) = 2*c**2 - 126*c - 1980. What is k(78)?
360
Let b(l) = 660*l + 8477. Give b(-13).
-103
Let o(b) = 8616*b - 103382. Give o(12).
10
Let j(n) = -8*n**2 - 79*n - 747. Calculate j(-8).
-627
Let q(j) = -j**3 + 103*j**2 - 15*j - 8587. Calculate q(102).
287
Let k(i) = 500*i + 2660. Calculate k(-8).
-1340
Let o(x) = -18*x**2 - 839*x + 537. What is o(-47)?
208
Let q(c) = -808*c - 7. What is q(0)?
-7
Let r(g) = -203100*g + 69053995. Calculate r(340).
-5
Let m(k) = -45*k**2 + 104*k - 1249. Determine m(6).
-2245
Let g(y) = -4*y**3 + 223*y**2 + 177*y - 6577. What is g(56)?
199
Let w(h) = -h**2 + 2*h + 4933. What is w(82)?
-1627
Let c(b) = 17*b**3 - 156*b + 296. Give c(2).
120
Let r(s) = -15*s + 187. Determine r(24).
-173
Let k(g) = -g**2 + 408*g - 34488. Give k(284).
728
Let w(i) = -11032*i + 11007. What is w(1)?
-25
Let g(s) = 3*s**3 + 68*s**2 + 145*s - 1828. What is g(4)?
32
Let m(g) = -g**3 - g**2 - 86*g - 377. Give m(-5).
153
Let y(m) = -m**2 - 1189*m + 5993. Determine y(5).
23
Let d(o) = -o**3 - 5*o**2 - 765*o - 5547. Give d(-7).
-94
Let a(t) = 1326577*t - 3979725. Calculate a(3).
6
Let m(g) = 6*g**2 - 5*g + 350. Determine m(-6).
596
Let l(d) = 350*d - 64744. Determine l(185).
6
Let o(z) = -33691*z + 66969. Give o(2).
-413
Let b(d) = -21*d**2 - 2366*d - 25374. What is b(-12)?
-6
Let p(r) = 3*r**3 + 294*r**2 + 4847*r - 45. Determine p(-21).
39
Let x(m) = 3*m**3 + 10*m**2 + 2*m - 665. Give x(-6).
-965
Let u(r) = 1240*r + 2491. Calculate u(-2).
11
Let u(x) = -4*x**3 + 4*x**2 + 8416*x + 9. What is u(0)?
9
Let k(a) = -2*a**2 + 92*a + 795. What is k(52)?
171
Let z(j) = 414*j**2 - 81548*j - 1795. Determine z(197).
175
Let z(t) = -t**3 + 702*t**2 + 6*t - 134. What is z(0)?
-134
Let h(j) = 589*j - 1217. Give h(2).
-39
Let b(p) = 2*p**3 + 72*p**2 + 196*p - 17. Give b(-35).
-4427
Let a(o) = -789*o + 12023. What is a(14)?
977
Let l(i) = -177*i - 20834. What is l(-118)?
52
Let h(k) = -436*k + 6096. Calculate h(14).
-8
Let v(s) = -1059*s + 28456. Calculate v(27).
-137
Let f(m) = 16*m**2 + 448*m - 135. Calculate f(-18).
-3015
Let g(v) = -v**2 + 2534*v + 222610. Give g(-85).
-5
Let h(y) = y**3 - 9*y**2 + 8080*y - 80919. Calculate h(10).
-19
Let b(o) = o**2 + 1288*o + 26497. Give b(-21).
-110
Let p(v) = -72*v**2 + 43551*v - 81404. Determine p(603).
1
Let r(h) = -10*h**2 + 97*h + 545. Give r(-5).
-190
Let z(k) = -93*k**2 + 7699*k + 1725. Calculate z(83).
65
Let k(z) = 2*z**2 + 1627*z - 8146. Determine k(5).
39
Let k(g) = -56547*g - 1526773. What is k(-27)?
-4
Let u(m) = -m**3 + 111*m**2 - 1003*m - 224. Give u(101).
483
Let o(w) = 58*w**2 + 28*w - 569. Give o(8).
3367
Let i(o) = -o**3 + 135*o**2 - 201*o - 8638. What is i(133)?
7
Let f(h) = 2*h**2 + 267*h - 20277. What is f(54)?
-27
Let b(d) = 109778*d - 1097774. Give b(10).
6
Let v(k) = -2*k**2 - 1142*k - 157720. Calculate v(-234).
-4
Let i(g) = 101500*g - 12382997. What is i(122)?
3
Let i(g) = 12362*g - 37104. What is i(3)?
-18
Let v(h) = -54*h**2 + 296*h - 1772. Calculate v(6).
-1940
Let t(c) = 4*c**2 - 131*c + 1665. Give t(15).
600
Let x(d) = -62*d**3 + 1233*d**2 + 252*d - 2236. Determine x(20).
4
Let m(h) = -30*h**3 - 328*h**2 + 33*h + 341. Determine m(-11).
220
Let x(j) = -j**3 - 3*j**2 + 6*j + 220. Give x(6).
-68
Let w(a) = 398776*a - 3588989. What is w(9)?
-5
Let i(p) = 597*p - 122370. What is i(205)?
15
Let v(b) = -3*b**3 - 355*b**2 + 969*b + 122. What is v(-121)?
1
Let u(h) = h**3 - 33*h**2 + 129*h - 180. What is u(26)?
-1558
Let h(g) = -192882*g + 3278861. Calculate h(17).
-133
Let v(a) = -1117*a - 3686. Determine v(-4).
782
Let s(a) = -29517*a - 678929. Determine s(-23).
-38
Let b(k) = 480354*k + 2401775. Determine b(-5).
5
Let d(q) = -17986*q + 413735. What is d(23)?
57
Let m(h) = 69291*h - 970080. Determine m(14).
-6
Let u(s) = -315*s + 26842. Determine u(86).
-248
Let m(a) = -396*a + 54604. Give m(132).
2332
Let g(f) = -5*f**2 + 2503*f - 2502. Calculate g(1).
-4
Let r(t) = 203*t**2 - 10572*t + 11159. What is r(51)?
-10
Let z(j) = -1284*j**2 + 7814*j - 6976. What is z(5)?
-6
Let i(f) = -30*f**2 - 410*f - 2310. What is i(-6)?
-930
Let y(p) = -3*p**2 - 342*p + 7101. Calculate y(18).
-27
Let h(p) = p**2 - 55*p - 55177. Determine h(264).
-1
Let g(c) = -2*c**2 + 1505*c - 95509. Determine g(70).
41
Let t(c) = 70*c**2 - 11980*c - 10310. Determine t(172).
10
Let m(k) = -419679*k + 1259036. Calculate m(3).
-1
Let l(c) = -c**3 + 166*c**2 + 2508*c + 2411. Calculate l(180).
251
Let k(r) = -2653629*r + 13268141. Determine k(5).
-4
Let m(z) = z**2 + 3*z + 167. What is m(15)?
437
Let x(t) = 9*t**2